7?
False
Is 127 a factor of 6858?
True
Is 408 a multiple of 51?
True
Is 16 a factor of 10416?
True
Does 41 divide 10761?
False
Does 24 divide 312?
True
Is 8 a factor of 3192?
True
Does 24 divide 166?
False
Is 171 a multiple of 19?
True
Does 9 divide 135?
True
Does 12 divide 16272?
True
Is 546 a multiple of 2?
True
Is 873 a multiple of 4?
False
Is 462 a multiple of 14?
True
Is 24110 a multiple of 43?
False
Is 1911 a multiple of 16?
False
Is 711 a multiple of 15?
False
Is 30 a factor of 6000?
True
Does 53 divide 183?
False
Is 78 a factor of 140037?
False
Does 22 divide 132?
True
Does 5 divide 877?
False
Does 56 divide 1055?
False
Is 11152 a multiple of 16?
True
Is 31 a factor of 1240?
True
Is 378 a multiple of 18?
True
Is 17 a factor of 9835?
False
Does 63 divide 529?
False
Is 18010 a multiple of 10?
True
Does 13 divide 1485?
False
Does 25 divide 250?
True
Is 82100 a multiple of 23?
False
Does 17 divide 289?
True
Is 18 a factor of 700?
False
Is 14 a factor of 13622?
True
Is 195 a multiple of 25?
False
Is 26333 a multiple of 113?
False
Does 15 divide 37650?
True
Does 18 divide 16279?
False
Is 2516 a multiple of 17?
True
Is 1824 a multiple of 48?
True
Does 5 divide 2989?
False
Is 65 a factor of 31113?
False
Does 2 divide 1933?
False
Is 61742 a multiple of 102?
False
Is 29 a factor of 348?
True
Is 8783 a multiple of 14?
False
Does 30 divide 3510?
True
Is 15 a factor of 6651?
False
Is 22 a factor of 374?
True
Is 11 a factor of 868?
False
Is 1380 a multiple of 60?
True
Is 64 a factor of 30201?
False
Is 312 a multiple of 12?
True
Is 1672 a multiple of 19?
True
Does 42 divide 4746?
True
Is 34862 a multiple of 62?
False
Does 36 divide 1391?
False
Is 93 even?
False
Is 5 a factor of 360?
True
Is 176 a multiple of 9?
False
Is 33 a factor of 313?
False
Is 601 a multiple of 15?
False
Does 10 divide 1450?
True
Is 13 a factor of 15652?
True
Is 67446 a multiple of 11?
False
Does 3 divide 117?
True
Is 171 a multiple of 29?
False
Is 31 a factor of 3069?
True
Is 17 a factor of 1207?
True
Is 630 a multiple of 9?
True
Does 5 divide 22?
False
Is 3023 a multiple of 9?
False
Is 266 a multiple of 7?
True
Does 51 divide 17543?
False
Is 4 a factor of 67?
False
Is 27 a factor of 36045?
True
Is 672 a multiple of 8?
True
Is 72 a factor of 29130?
False
Does 25 divide 1100?
True
Is 640 a multiple of 20?
True
Does 6 divide 3972?
True
Is 34 a factor of 2924?
True
Does 15 divide 4590?
True
Is 2021 a multiple of 55?
False
Is 37 a factor of 7071?
False
Does 6 divide 3640?
False
Is 63 a factor of 333?
False
Is 4 a factor of 35081?
False
Is 2 a factor of 274?
True
Is 433 a multiple of 41?
False
Does 12 divide 33519?
False
Is 7 a factor of 29022?
True
Is 3504 a multiple of 14?
False
Is 1890 a multiple of 18?
True
Is 3 a factor of 730?
False
Is 51 a factor of 3641?
False
Does 10 divide 1980?
True
Is 7 a factor of 1872?
False
Does 92 divide 9384?
True
Is 2 a factor of 3107?
False
Is 3 a factor of 419?
False
Does 13 divide 796?
False
Is 1936 a multiple of 22?
True
Is 477 a multiple of 47?
False
Is 250 a multiple of 3?
False
Is 174 a multiple of 3?
True
Does 10 divide 5906?
False
Is 4497 a multiple of 192?
False
Does 9 divide 171?
True
Is 18776 a multiple of 8?
True
Does 2 divide 522?
True
Is 24 a factor of 4704?
True
Is 32844 a multiple of 119?
True
Is 14 a factor of 196?
True
Does 4 divide 6754?
False
Does 21 divide 462?
True
Is 30 a multiple of 9?
False
Is 50 a factor of 196?
False
Does 9 divide 915?
False
Does 3 divide 214?
False
Does 14 divide 921?
False
Does 5 divide 7520?
True
Is 21 a factor of 22718?
False
Is 93 a factor of 2883?
True
Is 45 a factor of 1440?
True
Does 8 divide 261?
False
Is 736 a multiple of 32?
True
Does 12 divide 736?
False
Is 116 a factor of 17632?
True
Is 13912 a multiple of 15?
False
Is 380 a factor of 44080?
True
Is 12 a factor of 3080?
False
Does 187 divide 67881?
True
Is 9 a factor of 11424?
False
Is 8 a factor of 56486?
False
Is 9 a factor of 194?
False
Is 3213 a multiple of 9?
True
Is 14 a factor of 14490?
True
Does 35 divide 37450?
True
Is 48 a factor of 2824?
False
Is 10958 a multiple of 214?
False
Does 2 divide 2920?
True
Does 29 divide 39672?
True
Does 73 divide 12887?
False
Is 9686 even?
True
Is 1395 a multiple of 35?
False
Does 19 divide 627?
True
Is 5 a factor of 39?
False
Is 77 a factor of 6484?
False
Is 15 a factor of 4995?
True
Is 25182 a multiple of 23?
False
Does 143 divide 8116?
False
Is 565 a multiple of 113?
True
Does 45 divide 3420?
True
Does 12 divide 672?
True
Does 85 divide 1275?
True
Is 73504 a multiple of 14?
False
Is 28674 a multiple of 59?
True
Does 11 divide 3759?
False
Is 114 a factor of 39230?
False
Is 1022 a multiple of 14?
True
Does 8 divide 171?
False
Is 3184 a multiple of 86?
False
Is 1608 a multiple of 67?
True
Does 48 divide 1104?
True
Is 10015 a multiple of 8?
False
Is 23 a factor of 10488?
True
Is 3 a factor of 641?
False
Does 4 divide 28?
True
Is 24 a factor of 1300?
False
Does 10 divide 980?
True
Is 46 a factor of 11836?
False
Does 24 divide 2280?
True
Is 1027 a multiple of 17?
False
Does 12 divide 414?
False
Is 1738 a multiple of 11?
True
Is 736 a multiple of 16?
True
Is 4244 a multiple of 59?
False
Is 2228 a multiple of 4?
True
Is 5339 a multiple of 20?
False
Is 14 a factor of 14?
True
Is 29 a factor of 551?
True
Does 8 divide 2008?
True
Does 44 divide 2640?
True
Does 93 divide 5208?
True
Is 8 a factor of 6887?
False
Is 521 a multiple of 6?
False
Is 332 a multiple of 25?
False
Is 124 a factor of 2305?
False
Is 540 a multiple of 15?
True
Does 57 divide 2069?
False
Does 5 divide 1241?
False
Does 20 divide 2365?
False
Is 3476 a multiple of 11?
True
Is 18 a factor of 92?
False
Is 12 a factor of 32657?
False
Is 6 a factor of 373?
False
Is 33 a factor of 1122?
True
Is 180 a multiple of 6?
True
Is 66656 a multiple of 16?
True
Does 245 divide 79870?
True
Is 13 a factor of 1170?
True
Does 5 divide 840?
True
Is 54 a factor of 1475?
False
Is 86 a factor of 7297?
False
Is 44 a multiple of 2?
True
Does 51 divide 31569?
True
Is 30 a factor of 482?
False
Is 2880 a multiple of 48?
True
Is 12 a factor of 16551?
False
Is 172 a factor of 80840?
True
Is 4440 a multiple of 6?
True
Does 20 divide 16380?
True
Does 31 divide 11245?
False
Is 23232 a multiple of 24?
True
Is 18 a factor of 2374?
False
Is 512 a multiple of 9?
False
Is 22 a factor of 12716?
True
Is 44 a factor of 16945?
False
Is 25068 a multiple of 12?
True
Does 3 divide 539?
False
Does 173 divide 17473?
True
Is 8 a factor of 14483?
False
Is 8 a factor of 34?
False
Is 115 a factor of 41478?
False
Is 1384 a multiple of 26?
False
Does 11 divide 6237?
True
Is 95 a factor of 59620?
False
Is 12 a factor of 5712?
True
Does 16 divide 11312?
True
Is 3864 a multiple of 161?
True
Is 3375 a multiple of 138?
False
Is 45088 a multiple of 183?
False
Is 12 a factor of 12413?
False
Is 78 a factor of 15756?
True
Is 24 a factor of 519?
False
Does 122 divide 4722?
False
Is 48 a factor of 16656?
True
Is 1742 a multiple of 20?
False
Is 18466 a multiple of 128?
False
Does 50 divide 1672?
False
Does 63 divide 3087?
True
Is 200 a multiple of 25?
True
Is 698 a multiple of 10?
False
Is 14 a factor of 1765?
False
Is 3110 a multiple of 10?
True
Does 55 divide 5113?
False
Is 83 a factor of 10956?
True
Does 29 divide 4292?
True
Does 38 divide 1529?
False
Does 12 divide 3228?
True
Is 47 a factor of 49683?
False
Does 13 divide 11115?
True
Is 2646 a multiple of 54?
True
Is 7 a factor of 7080?
False
Is 25 a factor of 175?
True
Is 11628 a multiple of 47?
False
Is 520 a multiple of 40?
True
Is 3 a factor of 69?
True
Is 1157 a multiple of 13?
True
Is 6 a factor of 1590?
True
Is 27 a factor of 1590?
False
Does 8 divide 22?
False
Is 279 a multiple of 31?
True
Does 192 divide 21504?
True
Is 6 a factor of 27439?
False
Is 11500 a multiple of 26?
False
Is 8 a factor of 3288?
True
Is 8778 a multiple of 21?
True
Does 6 divide 1110?
True
Is 6 a factor of 438?
True
Does 6 divide 893?
False
Is 13 a factor of 8585?
False
Is 341 even?
False
Is 48577 a multiple of 27?
False
Does 6 divide 104?
False
Is 442 a multiple of 53?
False
Is 3502 a multiple of 171?
False
Does 32 divide 384?
True
Is 34 a factor of 7514?
True
Is 1199 a multiple of 26?
False
Is 34 a factor of 4755?
False
Is 93 a factor of 1023?
True
Does 12 divide 1992?